02?
7
What is the hundreds digit of 31646623?
6
What is the ten millions digit of 18068569?
1
What is the units digit of 538448?
8
What is the tens digit of 3817347?
4
What is the units digit of 8012683?
3
What is the tens digit of 1836149?
4
What is the hundred thousands digit of 358991?
3
What is the ten thousands digit of 153671?
5
What is the tens digit of 482329?
2
What is the hundred thousands digit of 417004?
4
What is the thousands digit of 11418799?
8
What is the hundreds digit of 977845?
8
What is the hundreds digit of 1261552?
5
What is the ten thousands digit of 175026?
7
What is the tens digit of 1244903?
0
What is the tens digit of 744980?
8
What is the ten thousands digit of 229111?
2
What is the tens digit of 2623223?
2
What is the thousands digit of 59534?
9
What is the hundreds digit of 7122660?
6
What is the thousands digit of 461923?
1
What is the hundreds digit of 489847?
8
What is the units digit of 7835742?
2
What is the tens digit of 527944?
4
What is the hundreds digit of 2278158?
1
What is the thousands digit of 476394?
6
What is the units digit of 57160?
0
What is the units digit of 130209?
9
What is the hundred thousands digit of 275240?
2
What is the millions digit of 10951668?
0
What is the hundred thousands digit of 846279?
8
What is the millions digit of 1480073?
1
What is the hundred thousands digit of 242973?
2
What is the tens digit of 2958815?
1
What is the millions digit of 21958286?
1
What is the hundred thousands digit of 384997?
3
What is the millions digit of 8398286?
8
What is the thousands digit of 882262?
2
What is the hundreds digit of 3983477?
4
What is the ten thousands digit of 7628677?
2
What is the units digit of 283285?
5
What is the tens digit of 4716080?
8
What is the hundreds digit of 3137404?
4
What is the units digit of 4567336?
6
What is the ten thousands digit of 236716?
3
What is the units digit of 4170409?
9
What is the hundred thousands digit of 6294872?
2
What is the hundred thousands digit of 320227?
3
What is the hundreds digit of 537782?
7
What is the units digit of 10618676?
6
What is the tens digit of 410791?
9
What is the thousands digit of 8122796?
2
What is the thousands digit of 14862301?
2
What is the hundreds digit of 26545787?
7
What is the millions digit of 9073127?
9
What is the hundred thousands digit of 153932?
1
What is the thousands digit of 41191?
1
What is the ten thousands digit of 194348?
9
What is the thousands digit of 21236931?
6
What is the hundreds digit of 182634?
6
What is the hundred thousands digit of 774965?
7
What is the ten millions digit of 20151145?
2
What is the ten thousands digit of 2661121?
6
What is the hundreds digit of 6133?
1
What is the hundred thousands digit of 2234995?
2
What is the ten millions digit of 18898979?
1
What is the millions digit of 1858896?
1
What is the units digit of 227089?
9
What is the units digit of 209048?
8
What is the hundreds digit of 5255450?
4
What is the units digit of 119607?
7
What is the thousands digit of 1203108?
3
What is the ten thousands digit of 621729?
2
What is the thousands digit of 3544649?
4
What is the thousands digit of 2289530?
9
What is the tens digit of 1341992?
9
What is the units digit of 1363013?
3
What is the millions digit of 1264381?
1
What is the millions digit of 2790890?
2
What is the ten thousands digit of 670378?
7
What is the thousands digit of 45594?
5
What is the hundred thousands digit of 9816735?
8
What is the ten thousands digit of 1185299?
8
What is the hundreds digit of 352623?
6
What is the thousands digit of 350858?
0
What is the ten thousands digit of 19522339?
2
What is the hundreds digit of 243458?
4
What is the hundreds digit of 172077?
0
What is the hundreds digit of 34934971?
9
What is the units digit of 1110428?
8
What is the millions digit of 38434932?
8
What is the ten thousands digit of 474157?
7
What is the hundred thousands digit of 147897?
1
What is the ten thousands digit of 26395724?
9
What is the tens digit of 156827?
2
What is the tens digit of 15127?
2
What is the hundred thousands digit of 157195?
1
What is the hundred thousands digit of 513266?
5
What is the hundred thousands digit of 238668?
2
What is the units digit of 2183909?
9
What is the tens digit of 2921944?
4
What is the tens digit of 10105066?
6
What is the ten thousands digit of 291522?
9
What is the hundreds digit of 10548363?
3
What is the tens digit of 75763?
6
What is the millions digit of 6473696?
6
What is the ten thousands digit of 876288?
7
What is the ten thousands digit of 8136825?
3
What is the thousands digit of 110625?
0
What is the units digit of 684748?
8
What is the hundreds digit of 241230?
2
What is the thousands digit of 484071?
4
What is the units digit of 699791?
1
What is the tens digit of 4763186?
8
What is the tens digit of 242533?
3
What is the hundreds digit of 248836?
8
What is the ten thousands digit of 4872096?
7
What is the ten thousands digit of 5634773?
3
What is the units digit of 275583?
3
What is the ten thousands digit of 22740486?
4
What is the units digit of 26608844?
4
What is the tens digit of 95178?
7
What is the hundred thousands digit of 103796?
1
What is the hundred thousands digit of 20660926?
6
What is the units digit of 695838?
8
What is the ten thousands digit of 2506071?
0
What is the units digit of 2400361?
1
What is the millions digit of 10951916?
0
What is the hundreds digit of 4217463?
4
What is the ten thousands digit of 375342?
7
What is the thousands digit of 158244?
8
What is the ten thousands digit of 11054389?
5
What is the tens digit of 107304?
0
What is the thousands digit of 34866?
4
What is the hundreds digit of 155925?
9
What is the tens digit of 1964275?
7
What is the hundreds digit of 1070630?
6
What is the tens digit of 154985?
8
What is the hundred thousands digit of 477049?
4
What is the units digit of 614949?
9
What is the hundred thousands digit of 704557?
7
What is the tens digit of 255663?
6
What is the ten millions digit of 27232805?
2
What is the hundred thousands digit of 541596?
5
What is the hundreds digit of 446212?
2
What is the thousands digit of 4349754?
9
What is the units digit of 544885?
5
What is the hundreds digit of 7405764?
7
What is the hundred thousands digit of 12393687?
3
What is the hundreds digit of 439224?
2
What is the hundreds digit of 10987919?
9
What is the ten thousands digit of 253001?
5
What is the hundreds digit of 6694837?
8
What is the thousands digit of 220712?
0
What is the units digit of 148788?
8
What is the ten thousands digit of 195894?
9
What is the ten thousands digit of 20384366?
8
What is the hundreds digit of 147815?
8
What is the tens digit of 123399?
9
What is the hundreds digit of 40934184?
1
What is the hundreds digit of 2934251?
2
What is the ten millions digit of 26503602?
2
What is the hundreds digit of 2012117?
1
What is the hundred thousands digit of 7290955?
2
What is the ten thousands digit of 404289?
0
What is the hundred thousands digit of 154017?
1
What is the hundreds digit of 5859418?
4
What is the tens digit of 38768?
6
What is the ten thousands digit of 919070?
1
What is the ten thousands digit of 332347?
3
What is the units digit of 11720257?
7
What is the ten thousands digit of 7033211?
3
What is the hundreds digit of 2636389?
3
What is the units digit of 135332?
2
What is the units digit of 5591189?
9
What is the hundreds digit of 4071411?
4
What is the millions digit of 5583807?
5
What is the millions digit of 10128748?
0
What is the millions digit of 2667244?
2
What is the tens digit of 470631?
3
What is the thousands digit of 25946?
5
What is the thousands digit of 1672431?
2
What is the ten thousands digit of 17760?
1
What is the hundreds digit of 188079?
0
What is the thousands digit of 603902?
3
What is the tens digit of 5024198?
9
What is the thousands digit of 16965684?
5
What is the thousands digit of 139772?
9
What is the hundreds digit of 357056?
0
What is the tens digit of 112032?
3
What is the tens digit of 55376?
7
What is the thousands digit of 242540?
2
What is the tens digit of 615936?
3
What is the units digit of 1646756?
6
What is the hundreds digit of 179434?
4
What is the units digit of 16932031?
1
What is the hundred thousands 